). Suppose -n*w - 357 = -23*w. What is the highest common divisor of 17 and w?
17
Let n(d) = -d**3 + 10*d**2 + 20*d + 25. Let p be n(7). What is the highest common divisor of p and 195?
39
Suppose 3*m - 15 - 3 = 0, 3*a = -5*m + 57. Suppose 0 = 2*v + 29 - 83. Calculate the greatest common divisor of v and a.
9
Let r = 31 + -28. Suppose r*m - 160 = -m. Suppose 6*y = 102 + 42. What is the highest common factor of m and y?
8
Let h = -332 - -337. Suppose 3*j + 159 + 395 = 5*p, -h*p + 5*j = -550. What is the highest common factor of 168 and p?
56
Suppose -62 + 32 = -3*t. Let z(w) = -138*w + 1156. Let k be z(7). Calculate the highest common divisor of t and k.
10
Suppose w = r + 216, 0 = -4*w + 7*w + 4*r - 648. Calculate the greatest common factor of 16 and w.
8
Suppose 3*n - 2 = -2. Suppose n = -9*z - 0*z + 18. Suppose -x - z*q = -4*x + 58, -4*q = -5*x + 96. Calculate the greatest common factor of 50 and x.
10
Let y(h) = 77*h + 27. Let k be y(-2). Let q = 291 + k. Calculate the greatest common factor of 82 and q.
82
Let h(y) = y**3 + 13*y**2 + 13*y + 14. Let t be h(-12). Suppose -2*z = t*z - 12. Suppose 896 = -z*f + 7*f. What is the highest common divisor of f and 28?
28
Let j be (1232/(-64))/(-3*(-7)/(-168)). What is the greatest common divisor of j and 2744?
14
Let r(f) = 100*f**3 + 11*f**2 + 12*f - 7. Let u be r(3). Calculate the greatest common factor of u and 202.
202
Let b = -535 - -940. Let x(j) = -109*j + 466. Let d be x(4). Calculate the greatest common divisor of d and b.
15
Let c be 3/(-3)*20/(-12)*54/6. What is the greatest common divisor of 2685 and c?
15
Suppose -5*y = u - 55 - 0, 0 = 2*u + 4*y - 80. Calculate the highest common divisor of 2655 and u.
15
Let b = -27 + 32. Let q be (-4 - -1 - -4)*b. Suppose -10*u = -q*u - 95. What is the highest common divisor of 133 and u?
19
Let b = 6303 + -4623. What is the greatest common divisor of b and 8?
8
Suppose -2*l + 1150*n - 1149*n = -10354, 0 = 3*l - 3*n - 15519. What is the greatest common divisor of l and 66?
33
Suppose -6*b = -b - 25. Suppose b*u - 116 = -26. Suppose 2*h = 106 - u. What is the highest common factor of h and 4?
4
Suppose 7*q - 37 = 425. Suppose 2*y + 12 = -3*c + 10, -2*y - 18 = -5*c. Let i be y/(-1) + (35 - -5). Calculate the highest common factor of q and i.
22
Let j(h) = 5*h. Let o be j(-2). Let s be o/(-4)*(-4)/(-5). Suppose 4*t + 5*y + 19 = 0, 3*y + 33 = 156*t - 153*t. What is the greatest common factor of t and s?
2
Suppose -5*n - 2 - 8 = 0. Let h(q) = 9*q**2 + 3*q. Let m be h(n). Let g(r) = 2*r**2 - 5*r. Let j be g(-5). Calculate the greatest common divisor of m and j.
15
Let o = 3069 + -3056. Suppose -2*b + 3*r + 27 = 0, 78 = 2*b + 3*b + 3*r. Let u be -2 - (0 + 0 - b). Calculate the highest common factor of u and o.
13
Suppose 38*i = -2*i + 120. What is the greatest common factor of i and 129?
3
Let b(u) be the first derivative of -u**4/4 + 10*u**3/3 - 11*u**2/2 + 28*u - 45. Let f be b(9). Calculate the greatest common divisor of 35 and f.
5
Suppose -2*q + 34 = -5*w - 33, -5*w + 97 = 2*q. Suppose 0 = -3*l - 878 + 1616. What is the greatest common factor of q and l?
41
Suppose -a - 4*f = -420, 2*a - 1195 = -a + f. Let l = 4306 - 4281. Calculate the highest common factor of l and a.
25
Let k(g) = 7*g**2 + 98*g + 672. Let m be k(-6). What is the greatest common factor of 128 and m?
16
Suppose 4*t - 138 = -142. Let f be (-224)/28*-5*t/(-4). Calculate the greatest common factor of f and 45.
5
Let f = -495 + 507. Suppose 0*i + 18 = 3*i. Suppose -858 = -f*z + i*z. Calculate the highest common divisor of 11 and z.
11
Let i = 146 + -51. Let a = i - 87. Calculate the greatest common factor of 10 and a.
2
Suppose 25*j - 283 - 42 = 0. What is the greatest common divisor of 17 and j?
1
Let h(w) be the third derivative of 4/3*w**3 - 47*w**2 + 0 + 1/4*w**4 + 0*w. Let f be h(-1). Calculate the greatest common divisor of f and 8.
2
Let a(c) = -c**2 + 36*c - 211. Let m be a(28). What is the highest common factor of m and 3276?
13
Suppose 1 = r - 7. Suppose -13*a = -7*a. Let y be 3 + (a + 6 - 1). Calculate the highest common factor of r and y.
8
Suppose -6*m + 8*m + 4*j - 11192 = 0, m - 5599 = -3*j. What is the greatest common divisor of 130 and m?
130
Let f = 132 - 126. Let x be ((-24)/(-18))/((-4)/f) - -44. Calculate the highest common factor of 54 and x.
6
Suppose -122*s + 5797 = 65*s. Calculate the highest common factor of 3131 and s.
31
Let q = -2442 - -3488. What is the highest common divisor of 10 and q?
2
Suppose 3*c - 150 = -3*z, -40*c + 43*c + 193 = 4*z. What is the greatest common divisor of 39053 and z?
49
Let y = 2694 + -2686. What is the highest common factor of y and 900?
4
Let t(n) = 39*n - 78. Let i be t(5). Calculate the greatest common divisor of 13 and i.
13
Let t(o) be the third derivative of -o**6/120 + o**5/5 + o**4/3 - 4*o**3 + 124*o**2. Let h be t(10). What is the greatest common divisor of h and 8?
8
Let f(o) = -6*o**2 + 270*o + 343. Let d be f(46). Let a(q) = q**3 - 2*q**2 - 3*q + 8. Let k be a(6). Calculate the greatest common divisor of k and d.
67
Suppose 17*c = 13*c + 1272. Let g = -278 + c. What is the highest common divisor of 20 and g?
20
Let h be (10/2 + -2)/(9/84). Let u = 28 - h. Suppose 0*z + 3*z + 2*x - 52 = u, -x - 37 = -3*z. What is the highest common factor of 126 and z?
14
Let r = 374 + -242. Let j = 1167 - 1155. What is the greatest common divisor of r and j?
12
Suppose 16*h - 6*h - 1100 = 0. Let y = h + -90. What is the highest common factor of y and 130?
10
Suppose -3*y - 3 = -4*f + 4, 0 = 5*f + 3*y + 25. Let d = f - -29. Suppose 0 = -5*l + 46 + 44. Calculate the highest common divisor of d and l.
9
Suppose -2*t = -b + 50, 4*b + 2*t = 117 + 103. Let q = 69 - b. Suppose 4*i = 2 + 10. What is the greatest common factor of i and q?
3
Let j = -349 - -599. Let b = 266 - j. What is the greatest common factor of 4 and b?
4
Let b = 34431 - 34414. Calculate the greatest common divisor of b and 5.
1
Let u(m) be the third derivative of -m**5/30 + 25*m**4/12 + m**3/3 - 155*m**2. Let f be u(25). Calculate the greatest common factor of 32 and f.
2
Let r = -26 - -35. Suppose -139*z = -138*z - 36. Calculate the highest common factor of r and z.
9
Suppose 3*z - 14248 = -3*n + 10673, 5*z = 5*n + 41585. What is the greatest common divisor of z and 16?
8
Suppose 13*z - 552 - 1658 = 0. Suppose z - 430 = -4*d. What is the highest common factor of 10 and d?
5
Suppose -5*m + 2*r + 19998 = 0, 8*m = 7*m - 2*r + 4014. Calculate the greatest common divisor of m and 92.
46
Suppose 2*s - 3*s - 2*s = 0. Let g be s - (-3 + -1 - 3). Let r(k) = -k**2 + k + 13. Let u be r(4). Calculate the highest common factor of g and u.
1
Suppose 59 + 3 = 3*u + 5*v, -4*v + 72 = 4*u. Suppose 0 = -8*y + u*y - 192. Let m = -35 - -115. What is the highest common divisor of m and y?
16
Let l(i) = -i**3 + 8*i**2 - 4*i + 14. Suppose 26 = 4*q + 26. Suppose q = -t + 5 + 2. Let x be l(t). Calculate the greatest common factor of x and 5.
5
Let f(n) = 722*n - 7654. Let z be f(11). What is the greatest common factor of z and 21456?
144
Let o = -258 + 255. Let u be (3/o + -9)*(17 - 25). What is the highest common divisor of u and 20?
20
Let n(c) = -106*c - 254. Let q be n(-3). Calculate the greatest common factor of q and 624.
16
Let z be 40/(-30)*((-1470)/126 + 1/(-3)). Let c = -63 + 111. Calculate the highest common divisor of z and c.
16
Suppose 72*z - 71*z + 3*i = 8, 0 = i + 1. Let h(a) = 16*a**2 - 3*a - 1. Let o be h(3). Let n = -46 + o. Calculate the greatest common factor of n and z.
11
Suppose -3*c = 3*a - 16 - 2, -5*c = a - 6. Let f(j) = 13*j + 12. Let w be f(a). Suppose -4*q + 6*q = w. Calculate the highest common divisor of q and 30.
15
Let p be 6984/(-104) - 12/(-78). Suppose 2*h = 4 + 354. Let m = p + h. What is the greatest common factor of m and 14?
14
Let l(t) = 356*t - 2779. Let k be l(21). What is the highest common factor of 14 and k?
7
Suppose 5*u + b = 146, 29 + 11 = 2*u + 5*b. Let k = 216 + -45. Let f be 20/1*k/38. Calculate the highest common factor of u and f.
30
Suppose l - 5*f + 6 = 30, 3*f - 4 = -4*l. Suppose l*q = 2*q + 2, 58 = -5*j - 2*q. Let b be (j/10)/((-9)/270). Calculate the highest common divisor of 144 and b.
36
Suppose 1830*y - 1843*y + 19721 = 0. What is th